{"id":13851,"date":"2020-02-20T11:34:52","date_gmt":"2020-02-20T16:34:52","guid":{"rendered":"https:\/\/www.library.yorku.ca\/web\/?page_id=13851"},"modified":"2023-04-18T15:58:11","modified_gmt":"2023-04-18T19:58:11","slug":"emprunts-retours-et-amendesfrais","status":"publish","type":"page","link":"https:\/\/www.library.yorku.ca\/web\/questions-et-services\/emprunter-renouveler-retourner\/emprunts-retours-et-amendesfrais\/?lang=fr","title":{"rendered":"Emprunts, retours et amendes\/frais"},"content":{"rendered":"<h2>Pr\u00eat<\/h2>\n<p>Pour tout document mis \u00e0 disposition par les biblioth\u00e8ques universitaires de l\u2019Universit\u00e9 York, la dur\u00e9e du pr\u00eat s\u2019affiche dans <a href=\"https:\/\/ocul-yor.primo.exlibrisgroup.com\/discovery\/login?vid=01OCUL_YOR:YOR_DEFAULT&amp;lang=fr\">Omni<\/a>. si vous ouvrez une session par votre compte Passport York (ou avec le code-barre de votre carte et le PIN associ\u00e9). Pour des renseignements suppl\u00e9mentaires, veuillez vous reporter aux <a href=\"https:\/\/www.library.yorku.ca\/web\/emprunter-renouveler-retourner\/regles-de-pret-2\/?lang=fr\">R\u00e8gles de pr\u00eat<\/a>.<\/p>\n<h3>Pr\u00eats ordinaires<\/h3>\n<table>\n<tbody>\n<tr>\n<td>Membres du corps enseignant<\/td>\n<td>120 jours, renouvellements illimit\u00e9s *<\/td>\n<\/tr>\n<tr>\n<td>\u00c9tudiants des cycles sup\u00e9rieurs<\/td>\n<td>120 jours, renouvellements illimit\u00e9s *<\/td>\n<\/tr>\n<tr>\n<td>\u00c9tudiants de 1er cycle<\/td>\n<td>120 jours, renouvellements illimit\u00e9s *<\/td>\n<\/tr>\n<tr>\n<td>Membre du personnel<\/td>\n<td>120 jours, renouvellements illimit\u00e9s *<\/td>\n<\/tr>\n<tr>\n<td>YUELI<br \/>\nSCS<br \/>\nEducation Professional Development<\/td>\n<td>14 jours, 6 renouvellements*<\/td>\n<\/tr>\n<tr>\n<td>Usagers externes<\/td>\n<td>14 jours, 2 renouvellements*<\/td>\n<\/tr>\n<\/tbody>\n<\/table>\n<p>*Les pr\u00eats ordinaires peuvent \u00eatre rappel\u00e9s n\u2019importe quand. Si un document est rappel\u00e9, il est d\u00fb dans les 7 jours \u00e0 partir de la date de rappel ; si un article est pr\u00eat\u00e9 avec un rappel d\u00e9j\u00e0 programm\u00e9, il est d\u00fb dans les 14 jours \u00e0 partir de la date du pr\u00eat. La biblioth\u00e8que vous notifie par courriel toute modification concernant vos emprunts.<\/p>\n<h3>R\u00e9serve<\/h3>\n<table>\n<tbody>\n<tr>\n<td>Uniquement disponible aux \u00e9tudiants actuels, membres du personnel et membres du corps professoral<\/td>\n<td>3 ou 24 heures, sans renouvellement<\/td>\n<\/tr>\n<\/tbody>\n<\/table>\n<h3>Autres formats<\/h3>\n<p><a href=\"https:\/\/ocul-yor.primo.exlibrisgroup.com\/discovery\/login?vid=01OCUL_YOR:YOR_DEFAULT&amp;lang=fr\">Ouvrez une session dans Omni via votre compte Passport York<\/a> pour voir les informations utiles propres aux emprunts faits dans diff\u00e9rentes localisations.<\/p>\n<h2>Renouvellement<\/h2>\n<p>Le pr\u00eat de documents peut \u00eatre renouvel\u00e9 en ouvrant une session dans Omni et en consultant les pr\u00eats dans le compte <a href=\"https:\/\/ocul-yor.primo.exlibrisgroup.com\/discovery\/account?vid=01OCUL_YOR:YOR_DEFAULT&amp;section=overview\">My Library Account.<\/a><\/p>\n<h2>Amendes et frais<\/h2>\n<p>Les amendes et les frais peuvent \u00eatre pay\u00e9s \u00e0 tout comptoir de pr\u00eat ou en ligne en ouvrant une session dans Omni et en consultant <a href=\"https:\/\/ocul-yor.primo.exlibrisgroup.com\/discovery\/account?vid=01OCUL_YOR:YOR_DEFAULT&amp;section=overview\">My Library Account <\/a>.\u00a0Au niveau des comptes de biblioth\u00e8que, les emprunts de documents sont bloqu\u00e9s en cas d\u2019amendes\/frais \u00e0 payer de:<\/p>\n<ul>\n<li>25 $ pour les membres du corps enseignant, les \u00e9tudiants des cycles sup\u00e9rieurs, les \u00e9tudiants de premier cycle et les membres du personnel<\/li>\n<li>5 $ pour tous les autres usagers.<\/li>\n<\/ul>\n<p>Pour le processus d\u2019appel relatif aux amendes\/frais, veuillez consulter les <a href=\"https:\/\/www.library.yorku.ca\/web\/emprunter-renouveler-retourner\/regles-de-pret-2\/?lang=fr\">R\u00e8gles de pr\u00eat<\/a>.<\/p>\n<table>\n<tbody>\n<tr>\n<td>Pr\u00eats ordinaires en retard<\/td>\n<td>Pas d\u2019amende<\/td>\n<\/tr>\n<tr>\n<td>Documents audiovisuels rendusM\u00e9dias en retard (p. ex. films, disques)<\/td>\n<td>Pas d\u2019amende<\/td>\n<\/tr>\n<tr>\n<td>P\u00e9riodiques reli\u00e9s en retard<\/td>\n<td>Pas d\u2019amende<\/td>\n<\/tr>\n<tr>\n<td>Pr\u00eats rappel\u00e9s en retard \u2013 Pr\u00eats ordinaires<\/td>\n<td>4,00 $\/jour, maximum de 56 $<\/td>\n<\/tr>\n<tr>\n<td>Pr\u00eats rappel\u00e9s en retard\u2013 M\u00e9dias et cartes<\/td>\n<td>10 $\/jour, maximum de 100 $<\/td>\n<\/tr>\n<tr>\n<td>Documents en r\u00e9serve en retard \u2013 Pr\u00eat de 24 h<\/td>\n<td>5,00 $\/jour, maximum de 100 $<\/td>\n<\/tr>\n<tr>\n<td>Documents en r\u00e9serve en retard \u2013 Pr\u00eat de 3h<\/td>\n<td>3,00 $\/heure, maximum de 100 $<\/td>\n<\/tr>\n<tr>\n<td>Documents en r\u00e9serve en retard \u2013 M\u00e9dias ou autres<\/td>\n<td>3,00 $\/heure, maximum de 100 $<\/td>\n<\/tr>\n<tr>\n<td>Document perdu\/endommag\u00e9 - Frais de remplacement<\/td>\n<td>125,00 $ par d\u00e9faut<\/td>\n<\/tr>\n<\/tbody>\n<\/table>\n<h2>Retour des documents<\/h2>\n<p>Les documents emprunt\u00e9s des biblioth\u00e8ques doivent \u00eatre retourn\u00e9s au plus tard \u00e0 la date d\u2019\u00e9ch\u00e9ance du pr\u00eat. Si un document est retrouv\u00e9 sur les rayons, on consid\u00e9rera le document comme retourn\u00e9 \u00e0 la date o\u00f9 il aura \u00e9t\u00e9 retrouv\u00e9.<\/p>\n<p>Tous les documents emprunt\u00e9s des biblioth\u00e8ques, sauf ceux qui sont list\u00e9s ci-dessous, peuvent \u00eatre retourn\u00e9s au comptoir du pr\u00eat ou dans la chute de retour de n\u2019importe quelle biblioth\u00e8que de l\u2019Universit\u00e9 York. Les documents emprunt\u00e9s des collections de la R\u00e9serve doivent \u00eatre retourn\u00e9s l\u00e0 o\u00f9 on les a emprunt\u00e9s. Les cartes et les mat\u00e9riaux de la SMIL doivent \u00eatre retourn\u00e9es au comptoir du pr\u00eat de la biblioth\u00e8que Scott. Les documents de pr\u00eat entre biblioth\u00e8ques peuvent \u00eatre retourn\u00e9s \u00e0 n\u2019importe quelle biblioth\u00e8que.<\/p>\n<p>Les usagers du campus Glendon peuvent retourner les documents emprunt\u00e9s de la R\u00e9serve, de la cartoth\u00e8que ou par le biais d\u2019un pr\u00eat entre biblioth\u00e8ques, au comptoir de services de la biblioth\u00e8que Frost. La date ou l\u2019heure d\u2019\u00e9ch\u00e9ance originelle du pr\u00eat sera applicable dans de tels cas.<\/p>\n<p>Lorsqu\u2019un document emprunt\u00e9 est en retard ou qu\u2019il a \u00e9t\u00e9 rappel\u00e9 pour un autre usager, un avis de courtoisie est envoy\u00e9 au d\u00e9tenteur du document. Le fait de ne pas recevoir d\u2019avis n\u2019exon\u00e8re pas l\u2019emprunteur de la responsabilit\u00e9 pour les amendes ou autres sanctions.<\/p>\n","protected":false},"excerpt":{"rendered":"<p>Pr\u00eat Pour tout document mis \u00e0 disposition par les biblioth\u00e8ques universitaires de l\u2019Universit\u00e9 York, la dur\u00e9e du pr\u00eat s\u2019affiche dans Omni. si vous ouvrez une session par votre compte Passport York (ou avec le code-barre de votre carte et le PIN associ\u00e9). Pour des renseignements suppl\u00e9mentaires, veuillez vous reporter aux R\u00e8gles de pr\u00eat. Pr\u00eats ordinaires [&hellip;]<\/p>\n","protected":false},"author":3,"featured_media":0,"parent":5761,"menu_order":12,"comment_status":"closed","ping_status":"closed","template":"","meta":{"_uag_custom_page_level_css":"","footnotes":""},"class_list":["post-13851","page","type-page","status-publish","hentry"],"yoast_head":"<!-- This site is optimized with the Yoast SEO plugin v27.4 - https:\/\/yoast.com\/product\/yoast-seo-wordpress\/ -->\n<title>Emprunts, retours et amendes\/frais - York University Libraries<\/title>\n<meta name=\"robots\" content=\"index, follow, max-snippet:-1, max-image-preview:large, max-video-preview:-1\" \/>\n<link rel=\"canonical\" href=\"https:\/\/www.library.yorku.ca\/web\/questions-et-services\/emprunter-renouveler-retourner\/emprunts-retours-et-amendesfrais\/?lang=fr\" \/>\n<meta property=\"og:locale\" content=\"en_US\" \/>\n<meta property=\"og:type\" content=\"article\" \/>\n<meta property=\"og:title\" content=\"Emprunts, retours et amendes\/frais - York University Libraries\" \/>\n<meta property=\"og:description\" content=\"Pr\u00eat Pour tout document mis \u00e0 disposition par les biblioth\u00e8ques universitaires de l\u2019Universit\u00e9 York, la dur\u00e9e du pr\u00eat s\u2019affiche dans Omni. si vous ouvrez une session par votre compte Passport York (ou avec le code-barre de votre carte et le PIN associ\u00e9). Pour des renseignements suppl\u00e9mentaires, veuillez vous reporter aux R\u00e8gles de pr\u00eat. Pr\u00eats ordinaires [&hellip;]\" \/>\n<meta property=\"og:url\" content=\"https:\/\/www.library.yorku.ca\/web\/questions-et-services\/emprunter-renouveler-retourner\/emprunts-retours-et-amendesfrais\/?lang=fr\" \/>\n<meta property=\"og:site_name\" content=\"York University Libraries\" \/>\n<meta property=\"article:modified_time\" content=\"2023-04-18T19:58:11+00:00\" \/>\n<meta property=\"og:image\" content=\"https:\/\/www.library.yorku.ca\/web\/wp-content\/uploads\/2023\/06\/Horizontal-York-Logo-1200x675-1.jpg\" \/>\n\t<meta property=\"og:image:width\" content=\"1200\" \/>\n\t<meta property=\"og:image:height\" content=\"675\" \/>\n\t<meta property=\"og:image:type\" content=\"image\/jpeg\" \/>\n<meta name=\"twitter:card\" content=\"summary_large_image\" \/>\n<meta name=\"twitter:label1\" content=\"Est. reading time\" \/>\n\t<meta name=\"twitter:data1\" content=\"3 minutes\" \/>\n<script type=\"application\/ld+json\" class=\"yoast-schema-graph\">{\"@context\":\"https:\\\/\\\/schema.org\",\"@graph\":[{\"@type\":\"WebPage\",\"@id\":\"https:\\\/\\\/www.library.yorku.ca\\\/web\\\/questions-et-services\\\/emprunter-renouveler-retourner\\\/emprunts-retours-et-amendesfrais\\\/?lang=fr\",\"url\":\"https:\\\/\\\/www.library.yorku.ca\\\/web\\\/questions-et-services\\\/emprunter-renouveler-retourner\\\/emprunts-retours-et-amendesfrais\\\/?lang=fr\",\"name\":\"Emprunts, retours et amendes\\\/frais - York University Libraries\",\"isPartOf\":{\"@id\":\"https:\\\/\\\/www.library.yorku.ca\\\/web\\\/#website\"},\"datePublished\":\"2020-02-20T16:34:52+00:00\",\"dateModified\":\"2023-04-18T19:58:11+00:00\",\"breadcrumb\":{\"@id\":\"https:\\\/\\\/www.library.yorku.ca\\\/web\\\/questions-et-services\\\/emprunter-renouveler-retourner\\\/emprunts-retours-et-amendesfrais\\\/?lang=fr#breadcrumb\"},\"inLanguage\":\"en-US\",\"potentialAction\":[{\"@type\":\"ReadAction\",\"target\":[\"https:\\\/\\\/www.library.yorku.ca\\\/web\\\/questions-et-services\\\/emprunter-renouveler-retourner\\\/emprunts-retours-et-amendesfrais\\\/?lang=fr\"]}]},{\"@type\":\"BreadcrumbList\",\"@id\":\"https:\\\/\\\/www.library.yorku.ca\\\/web\\\/questions-et-services\\\/emprunter-renouveler-retourner\\\/emprunts-retours-et-amendesfrais\\\/?lang=fr#breadcrumb\",\"itemListElement\":[{\"@type\":\"ListItem\",\"position\":1,\"name\":\"Home\",\"item\":\"https:\\\/\\\/www.library.yorku.ca\\\/web\\\/\"},{\"@type\":\"ListItem\",\"position\":2,\"name\":\"Questions et services\",\"item\":\"https:\\\/\\\/www.library.yorku.ca\\\/web\\\/questions-et-services\\\/?lang=fr\"},{\"@type\":\"ListItem\",\"position\":3,\"name\":\"Comptes, emprunts et demandes\",\"item\":\"https:\\\/\\\/www.library.yorku.ca\\\/web\\\/questions-et-services\\\/emprunter-renouveler-retourner\\\/?lang=fr\"},{\"@type\":\"ListItem\",\"position\":4,\"name\":\"Emprunts, retours et amendes\\\/frais\"}]},{\"@type\":\"WebSite\",\"@id\":\"https:\\\/\\\/www.library.yorku.ca\\\/web\\\/#website\",\"url\":\"https:\\\/\\\/www.library.yorku.ca\\\/web\\\/\",\"name\":\"York University Libraries\",\"description\":\"\",\"publisher\":{\"@id\":\"https:\\\/\\\/www.library.yorku.ca\\\/web\\\/#organization\"},\"alternateName\":\"YUL Home\",\"potentialAction\":[{\"@type\":\"SearchAction\",\"target\":{\"@type\":\"EntryPoint\",\"urlTemplate\":\"https:\\\/\\\/www.library.yorku.ca\\\/web\\\/?s={search_term_string}\"},\"query-input\":{\"@type\":\"PropertyValueSpecification\",\"valueRequired\":true,\"valueName\":\"search_term_string\"}}],\"inLanguage\":\"en-US\"},{\"@type\":\"Organization\",\"@id\":\"https:\\\/\\\/www.library.yorku.ca\\\/web\\\/#organization\",\"name\":\"York University Libraries\",\"alternateName\":\"York University\",\"url\":\"https:\\\/\\\/www.library.yorku.ca\\\/web\\\/\",\"logo\":{\"@type\":\"ImageObject\",\"inLanguage\":\"en-US\",\"@id\":\"https:\\\/\\\/www.library.yorku.ca\\\/web\\\/#\\\/schema\\\/logo\\\/image\\\/\",\"url\":\"https:\\\/\\\/www.library.yorku.ca\\\/web\\\/wp-content\\\/uploads\\\/2023\\\/06\\\/Yorku-logo-696x696-1.jpg\",\"contentUrl\":\"https:\\\/\\\/www.library.yorku.ca\\\/web\\\/wp-content\\\/uploads\\\/2023\\\/06\\\/Yorku-logo-696x696-1.jpg\",\"width\":696,\"height\":696,\"caption\":\"York University Libraries\"},\"image\":{\"@id\":\"https:\\\/\\\/www.library.yorku.ca\\\/web\\\/#\\\/schema\\\/logo\\\/image\\\/\"}}]}<\/script>\n<!-- \/ Yoast SEO plugin. -->","yoast_head_json":{"title":"Emprunts, retours et amendes\/frais - York University Libraries","robots":{"index":"index","follow":"follow","max-snippet":"max-snippet:-1","max-image-preview":"max-image-preview:large","max-video-preview":"max-video-preview:-1"},"canonical":"https:\/\/www.library.yorku.ca\/web\/questions-et-services\/emprunter-renouveler-retourner\/emprunts-retours-et-amendesfrais\/?lang=fr","og_locale":"en_US","og_type":"article","og_title":"Emprunts, retours et amendes\/frais - York University Libraries","og_description":"Pr\u00eat Pour tout document mis \u00e0 disposition par les biblioth\u00e8ques universitaires de l\u2019Universit\u00e9 York, la dur\u00e9e du pr\u00eat s\u2019affiche dans Omni. si vous ouvrez une session par votre compte Passport York (ou avec le code-barre de votre carte et le PIN associ\u00e9). Pour des renseignements suppl\u00e9mentaires, veuillez vous reporter aux R\u00e8gles de pr\u00eat. Pr\u00eats ordinaires [&hellip;]","og_url":"https:\/\/www.library.yorku.ca\/web\/questions-et-services\/emprunter-renouveler-retourner\/emprunts-retours-et-amendesfrais\/?lang=fr","og_site_name":"York University Libraries","article_modified_time":"2023-04-18T19:58:11+00:00","og_image":[{"width":1200,"height":675,"url":"https:\/\/www.library.yorku.ca\/web\/wp-content\/uploads\/2023\/06\/Horizontal-York-Logo-1200x675-1.jpg","type":"image\/jpeg"}],"twitter_card":"summary_large_image","twitter_misc":{"Est. reading time":"3 minutes"},"schema":{"@context":"https:\/\/schema.org","@graph":[{"@type":"WebPage","@id":"https:\/\/www.library.yorku.ca\/web\/questions-et-services\/emprunter-renouveler-retourner\/emprunts-retours-et-amendesfrais\/?lang=fr","url":"https:\/\/www.library.yorku.ca\/web\/questions-et-services\/emprunter-renouveler-retourner\/emprunts-retours-et-amendesfrais\/?lang=fr","name":"Emprunts, retours et amendes\/frais - York University Libraries","isPartOf":{"@id":"https:\/\/www.library.yorku.ca\/web\/#website"},"datePublished":"2020-02-20T16:34:52+00:00","dateModified":"2023-04-18T19:58:11+00:00","breadcrumb":{"@id":"https:\/\/www.library.yorku.ca\/web\/questions-et-services\/emprunter-renouveler-retourner\/emprunts-retours-et-amendesfrais\/?lang=fr#breadcrumb"},"inLanguage":"en-US","potentialAction":[{"@type":"ReadAction","target":["https:\/\/www.library.yorku.ca\/web\/questions-et-services\/emprunter-renouveler-retourner\/emprunts-retours-et-amendesfrais\/?lang=fr"]}]},{"@type":"BreadcrumbList","@id":"https:\/\/www.library.yorku.ca\/web\/questions-et-services\/emprunter-renouveler-retourner\/emprunts-retours-et-amendesfrais\/?lang=fr#breadcrumb","itemListElement":[{"@type":"ListItem","position":1,"name":"Home","item":"https:\/\/www.library.yorku.ca\/web\/"},{"@type":"ListItem","position":2,"name":"Questions et services","item":"https:\/\/www.library.yorku.ca\/web\/questions-et-services\/?lang=fr"},{"@type":"ListItem","position":3,"name":"Comptes, emprunts et demandes","item":"https:\/\/www.library.yorku.ca\/web\/questions-et-services\/emprunter-renouveler-retourner\/?lang=fr"},{"@type":"ListItem","position":4,"name":"Emprunts, retours et amendes\/frais"}]},{"@type":"WebSite","@id":"https:\/\/www.library.yorku.ca\/web\/#website","url":"https:\/\/www.library.yorku.ca\/web\/","name":"York University Libraries","description":"","publisher":{"@id":"https:\/\/www.library.yorku.ca\/web\/#organization"},"alternateName":"YUL Home","potentialAction":[{"@type":"SearchAction","target":{"@type":"EntryPoint","urlTemplate":"https:\/\/www.library.yorku.ca\/web\/?s={search_term_string}"},"query-input":{"@type":"PropertyValueSpecification","valueRequired":true,"valueName":"search_term_string"}}],"inLanguage":"en-US"},{"@type":"Organization","@id":"https:\/\/www.library.yorku.ca\/web\/#organization","name":"York University Libraries","alternateName":"York University","url":"https:\/\/www.library.yorku.ca\/web\/","logo":{"@type":"ImageObject","inLanguage":"en-US","@id":"https:\/\/www.library.yorku.ca\/web\/#\/schema\/logo\/image\/","url":"https:\/\/www.library.yorku.ca\/web\/wp-content\/uploads\/2023\/06\/Yorku-logo-696x696-1.jpg","contentUrl":"https:\/\/www.library.yorku.ca\/web\/wp-content\/uploads\/2023\/06\/Yorku-logo-696x696-1.jpg","width":696,"height":696,"caption":"York University Libraries"},"image":{"@id":"https:\/\/www.library.yorku.ca\/web\/#\/schema\/logo\/image\/"}}]}},"uagb_featured_image_src":{"full":false,"thumbnail":false,"medium":false,"medium_large":false,"large":false,"1536x1536":false,"2048x2048":false},"uagb_author_info":{"display_name":"Ali Sadaqain","author_link":"https:\/\/www.library.yorku.ca\/web\/blog\/author\/sadaqain\/"},"uagb_comment_info":0,"uagb_excerpt":"Pr\u00eat Pour tout document mis \u00e0 disposition par les biblioth\u00e8ques universitaires de l\u2019Universit\u00e9 York, la dur\u00e9e du pr\u00eat s\u2019affiche dans Omni. si vous ouvrez une session par votre compte Passport York (ou avec le code-barre de votre carte et le PIN associ\u00e9). Pour des renseignements suppl\u00e9mentaires, veuillez vous reporter aux R\u00e8gles de pr\u00eat. Pr\u00eats ordinaires&hellip;","_links":{"self":[{"href":"https:\/\/www.library.yorku.ca\/web\/wp-json\/wp\/v2\/pages\/13851","targetHints":{"allow":["GET"]}}],"collection":[{"href":"https:\/\/www.library.yorku.ca\/web\/wp-json\/wp\/v2\/pages"}],"about":[{"href":"https:\/\/www.library.yorku.ca\/web\/wp-json\/wp\/v2\/types\/page"}],"author":[{"embeddable":true,"href":"https:\/\/www.library.yorku.ca\/web\/wp-json\/wp\/v2\/users\/3"}],"replies":[{"embeddable":true,"href":"https:\/\/www.library.yorku.ca\/web\/wp-json\/wp\/v2\/comments?post=13851"}],"version-history":[{"count":10,"href":"https:\/\/www.library.yorku.ca\/web\/wp-json\/wp\/v2\/pages\/13851\/revisions"}],"predecessor-version":[{"id":24706,"href":"https:\/\/www.library.yorku.ca\/web\/wp-json\/wp\/v2\/pages\/13851\/revisions\/24706"}],"up":[{"embeddable":true,"href":"https:\/\/www.library.yorku.ca\/web\/wp-json\/wp\/v2\/pages\/5761"}],"wp:attachment":[{"href":"https:\/\/www.library.yorku.ca\/web\/wp-json\/wp\/v2\/media?parent=13851"}],"curies":[{"name":"wp","href":"https:\/\/api.w.org\/{rel}","templated":true}]}}