{"id":16742,"date":"2021-05-02T14:17:56","date_gmt":"2021-05-02T18:17:56","guid":{"rendered":"https:\/\/www.library.yorku.ca\/web\/?page_id=16742"},"modified":"2023-08-14T09:48:25","modified_gmt":"2023-08-14T13:48:25","slug":"workshops-how-to-videos-and-more","status":"publish","type":"page","link":"https:\/\/www.library.yorku.ca\/web\/research-learn\/workshops-how-to-videos-and-more\/","title":{"rendered":"'How-to' videos and more!"},"content":{"rendered":"\n<div class=\"wp-block-columns is-layout-flex wp-container-core-columns-is-layout-9d6595d7 wp-block-columns-is-layout-flex\">\n<div class=\"wp-block-column is-layout-flow wp-block-column-is-layout-flow\"><\/div>\n<\/div>\n\n\n\n<div class=\"wp-block-group\"><div class=\"wp-block-group__inner-container is-layout-flow wp-block-group-is-layout-flow\">\n<div class=\"wp-block-columns yul-info-card-container is-layout-flex wp-container-core-columns-is-layout-9d6595d7 wp-block-columns-is-layout-flex\">\n<div class=\"wp-block-column yul-info-card is-layout-flow wp-block-column-is-layout-flow\">\n<figure class=\"wp-block-image size-large\"><img loading=\"lazy\" decoding=\"async\" width=\"1024\" height=\"683\" src=\"https:\/\/www.library.yorku.ca\/web\/wp-content\/uploads\/2021\/05\/Lab-lifesci53-1024x683.jpg\" alt=\"\" class=\"wp-image-16753\" srcset=\"https:\/\/www.library.yorku.ca\/web\/wp-content\/uploads\/2021\/05\/Lab-lifesci53-1024x683.jpg 1024w, https:\/\/www.library.yorku.ca\/web\/wp-content\/uploads\/2021\/05\/Lab-lifesci53-300x200.jpg 300w, https:\/\/www.library.yorku.ca\/web\/wp-content\/uploads\/2021\/05\/Lab-lifesci53-768x512.jpg 768w, https:\/\/www.library.yorku.ca\/web\/wp-content\/uploads\/2021\/05\/Lab-lifesci53-1536x1024.jpg 1536w, https:\/\/www.library.yorku.ca\/web\/wp-content\/uploads\/2021\/05\/Lab-lifesci53-724x483.jpg 724w, https:\/\/www.library.yorku.ca\/web\/wp-content\/uploads\/2021\/05\/Lab-lifesci53.jpg 1728w\" sizes=\"auto, (max-width: 1024px) 100vw, 1024px\" \/><\/figure>\n\n\n\n<div class=\"wp-block-group yul-info-card-body\"><div class=\"wp-block-group__inner-container is-layout-flow wp-block-group-is-layout-flow\">\n<h2 class=\"wp-block-heading card-title h5\"><a href=\"https:\/\/yorku.libcal.com\/calendar\/libraryworkshops?cid=7880&amp;t=d&amp;d=0000-00-00&amp;cal=7880&amp;inc=0\">Our Current Workshops<\/a><\/h2>\n\n\n\n<p class=\"card-text\">York University Libraries' suite of online workshops features many offerings. Target audiences include students and researchers. Areas covered include information literacy, academic integrity, research and digital skills.<\/p>\n<\/div><\/div>\n<\/div>\n\n\n\n<div class=\"wp-block-column yul-info-card is-layout-flow wp-block-column-is-layout-flow\">\n<figure class=\"wp-block-image size-large is-resized\"><img loading=\"lazy\" decoding=\"async\" src=\"https:\/\/www.library.yorku.ca\/web\/wp-content\/uploads\/2021\/05\/Lab-lifesci55-1024x683.jpg\" alt=\"\" class=\"wp-image-16750\" width=\"343\" height=\"228\" srcset=\"https:\/\/www.library.yorku.ca\/web\/wp-content\/uploads\/2021\/05\/Lab-lifesci55-1024x683.jpg 1024w, https:\/\/www.library.yorku.ca\/web\/wp-content\/uploads\/2021\/05\/Lab-lifesci55-300x200.jpg 300w, https:\/\/www.library.yorku.ca\/web\/wp-content\/uploads\/2021\/05\/Lab-lifesci55-768x512.jpg 768w, https:\/\/www.library.yorku.ca\/web\/wp-content\/uploads\/2021\/05\/Lab-lifesci55-1536x1024.jpg 1536w, https:\/\/www.library.yorku.ca\/web\/wp-content\/uploads\/2021\/05\/Lab-lifesci55-724x483.jpg 724w, https:\/\/www.library.yorku.ca\/web\/wp-content\/uploads\/2021\/05\/Lab-lifesci55.jpg 1728w\" sizes=\"auto, (max-width: 343px) 100vw, 343px\" \/><\/figure>\n\n\n\n<div class=\"wp-block-group yul-info-card-body\"><div class=\"wp-block-group__inner-container is-layout-flow wp-block-group-is-layout-flow\">\n<h2 class=\"wp-block-heading card-title h5\"><a href=\"\/web\/research-learn\/workshops-how-to-videos-and-more\/how-to-videos\/\">Our Instructional Videos<\/a><\/h2>\n\n\n\n<p>Our instructional videos offer you quick short, engaging information on a range of topics to help you understand, find and use the library and its resources.<\/p>\n\n\n\n<p><br><\/p>\n\n\n\n<p style=\"font-size:25px\"><a href=\"https:\/\/www.library.yorku.ca\/web\/research-learn\/workshops-how-to-videos-and-more\/les-videos-pratiques\/\">Les vid\u00e9os pratiques<\/a><\/p>\n\n\n\n<p>Nos vid\u00e9os pratiques vous offrent des informations utiles et captivantes sur une s\u00e9rie de sujets pour vous aider \u00e0 comprendre, trouver et utiliser la biblioth\u00e8que et ses ressources.<\/p>\n<\/div><\/div>\n<\/div>\n\n\n\n<div class=\"wp-block-column yul-info-card is-layout-flow wp-block-column-is-layout-flow\">\n<figure class=\"wp-block-image size-large\"><img loading=\"lazy\" decoding=\"async\" width=\"1024\" height=\"683\" src=\"https:\/\/www.library.yorku.ca\/web\/wp-content\/uploads\/2021\/05\/absolutvision-WYd_PkCa1BY-unsplash-1024x683.jpeg\" alt=\"\" class=\"wp-image-17722\" srcset=\"https:\/\/www.library.yorku.ca\/web\/wp-content\/uploads\/2021\/05\/absolutvision-WYd_PkCa1BY-unsplash-1024x683.jpeg 1024w, https:\/\/www.library.yorku.ca\/web\/wp-content\/uploads\/2021\/05\/absolutvision-WYd_PkCa1BY-unsplash-300x200.jpeg 300w, https:\/\/www.library.yorku.ca\/web\/wp-content\/uploads\/2021\/05\/absolutvision-WYd_PkCa1BY-unsplash-1536x1024.jpeg 1536w, https:\/\/www.library.yorku.ca\/web\/wp-content\/uploads\/2021\/05\/absolutvision-WYd_PkCa1BY-unsplash.jpeg 1920w\" sizes=\"auto, (max-width: 1024px) 100vw, 1024px\" \/><\/figure>\n\n\n\n<div class=\"wp-block-group yul-info-card-body\"><div class=\"wp-block-group__inner-container is-layout-flow wp-block-group-is-layout-flow\">\n<h2 class=\"wp-block-heading card-title h5\">Self-paced Modules<\/h2>\n\n\n\n<hr class=\"wp-block-separator has-alpha-channel-opacity\"\/>\n\n\n\n<p><a href=\"https:\/\/h5pstudio.ecampusontario.ca\/content\/20787\" target=\"_blank\" rel=\"noreferrer noopener\">Road to Research Success<\/a><\/p>\n\n\n\n<p><a href=\"https:\/\/h5pstudio.ecampusontario.ca\/fr\/content\/42812\" target=\"_blank\" rel=\"noreferrer noopener\">La route vers le succ\u00e8s de la recherche <\/a><\/p>\n\n\n\n<p><a href=\"https:\/\/h5pstudio.ecampusontario.ca\/content\/20672\" target=\"_blank\" rel=\"noreferrer noopener\">Practicing Academic Integrity<\/a><\/p>\n\n\n\n<p><a href=\"https:\/\/h5pstudio.ecampusontario.ca\/fr\/content\/40338\" target=\"_blank\" rel=\"noreferrer noopener\">Int\u00e9grit\u00e9 acad\u00e9mique et citation<\/a><\/p>\n\n\n\n<p><a href=\"https:\/\/h5pstudio.ecampusontario.ca\/content\/37667\" target=\"_blank\" rel=\"noreferrer noopener\">How to find current and historical <strong>newspaper articles<\/strong> at York U Libraries<\/a><\/p>\n\n\n\n<p><a href=\"https:\/\/spark.library.yorku.ca\/\" target=\"_blank\" rel=\"noreferrer noopener\">SPARK (Student Papers &amp; Academic Research Kit)<\/a><\/p>\n\n\n\n<p><a href=\"https:\/\/www.library.yorku.ca\/web\/bbl\/step-by-step-business-research-tutorials\/\">Step-by-Step Business Research Tutorials<\/a><\/p>\n\n\n\n<p>Find Government Information &amp; Statistics:<br>- <a href=\"https:\/\/researchguides.library.yorku.ca\/c.php?g=721899&amp;p=5163803\" target=\"_blank\" rel=\"noreferrer noopener\">Tracing Federal Legislation<\/a><br>- <a href=\"https:\/\/researchguides.library.yorku.ca\/c.php?g=721899&amp;p=5163809\" target=\"_blank\" rel=\"noreferrer noopener\">Finding Canadian Statistics<\/a><br>- <a href=\"https:\/\/researchguides.library.yorku.ca\/c.php?g=721899&amp;p=5163810\" target=\"_blank\" rel=\"noreferrer noopener\">Researching Canadian Government Policy<\/a><br>- <a href=\"https:\/\/researchguides.library.yorku.ca\/c.php?g=721899&amp;p=5167730\" target=\"_blank\" rel=\"noreferrer noopener\">Tracing Provincial Legislation<\/a><br><\/p>\n\n\n\n<p>  <\/p>\n<\/div><\/div>\n<\/div>\n<\/div>\n<\/div><\/div>\n\n\n\n<div class=\"wp-block-columns is-layout-flex wp-container-core-columns-is-layout-9d6595d7 wp-block-columns-is-layout-flex\">\n<div class=\"wp-block-column is-layout-flow wp-block-column-is-layout-flow\">\n<p><\/p>\n<\/div>\n\n\n\n<div class=\"wp-block-column is-layout-flow wp-block-column-is-layout-flow\">\n<p><\/p>\n<\/div>\n<\/div>\n\n\n\n<p><\/p>\n","protected":false},"excerpt":{"rendered":"<p>Our Current Workshops York University Libraries' suite of online workshops features many offerings. Target audiences include students and researchers. Areas covered include information literacy, academic integrity, research and digital skills. Our Instructional Videos Our instructional videos offer you quick short, engaging information on a range of topics to help you understand, find and use the [&hellip;]<\/p>\n","protected":false},"author":3,"featured_media":0,"parent":114,"menu_order":0,"comment_status":"closed","ping_status":"closed","template":"","meta":{"_uag_custom_page_level_css":"","footnotes":""},"class_list":["post-16742","page","type-page","status-publish","hentry"],"yoast_head":"<!-- This site is optimized with the Yoast SEO plugin v27.4 - https:\/\/yoast.com\/product\/yoast-seo-wordpress\/ -->\n<title>&#039;How-to&#039; videos and more! - York University Libraries<\/title>\n<meta name=\"robots\" content=\"index, follow, max-snippet:-1, max-image-preview:large, max-video-preview:-1\" \/>\n<link rel=\"canonical\" href=\"https:\/\/www.library.yorku.ca\/web\/research-learn\/workshops-how-to-videos-and-more\/\" \/>\n<meta property=\"og:locale\" content=\"en_US\" \/>\n<meta property=\"og:type\" content=\"article\" \/>\n<meta property=\"og:title\" content=\"&#039;How-to&#039; videos and more! - York University Libraries\" \/>\n<meta property=\"og:description\" content=\"Our Current Workshops York University Libraries&#039; suite of online workshops features many offerings. Target audiences include students and researchers. Areas covered include information literacy, academic integrity, research and digital skills. Our Instructional Videos Our instructional videos offer you quick short, engaging information on a range of topics to help you understand, find and use the [&hellip;]\" \/>\n<meta property=\"og:url\" content=\"https:\/\/www.library.yorku.ca\/web\/research-learn\/workshops-how-to-videos-and-more\/\" \/>\n<meta property=\"og:site_name\" content=\"York University Libraries\" \/>\n<meta property=\"article:modified_time\" content=\"2023-08-14T13:48:25+00:00\" \/>\n<meta property=\"og:image\" content=\"https:\/\/www.library.yorku.ca\/web\/wp-content\/uploads\/2021\/05\/Lab-lifesci53-1024x683.jpg\" \/>\n<meta name=\"twitter:card\" content=\"summary_large_image\" \/>\n<meta name=\"twitter:label1\" content=\"Est. reading time\" \/>\n\t<meta name=\"twitter:data1\" content=\"2 minutes\" \/>\n<script type=\"application\/ld+json\" class=\"yoast-schema-graph\">{\"@context\":\"https:\\\/\\\/schema.org\",\"@graph\":[{\"@type\":\"WebPage\",\"@id\":\"https:\\\/\\\/www.library.yorku.ca\\\/web\\\/research-learn\\\/workshops-how-to-videos-and-more\\\/\",\"url\":\"https:\\\/\\\/www.library.yorku.ca\\\/web\\\/research-learn\\\/workshops-how-to-videos-and-more\\\/\",\"name\":\"'How-to' videos and more! - York University Libraries\",\"isPartOf\":{\"@id\":\"https:\\\/\\\/www.library.yorku.ca\\\/web\\\/#website\"},\"primaryImageOfPage\":{\"@id\":\"https:\\\/\\\/www.library.yorku.ca\\\/web\\\/research-learn\\\/workshops-how-to-videos-and-more\\\/#primaryimage\"},\"image\":{\"@id\":\"https:\\\/\\\/www.library.yorku.ca\\\/web\\\/research-learn\\\/workshops-how-to-videos-and-more\\\/#primaryimage\"},\"thumbnailUrl\":\"https:\\\/\\\/www.library.yorku.ca\\\/web\\\/wp-content\\\/uploads\\\/2021\\\/05\\\/Lab-lifesci53-1024x683.jpg\",\"datePublished\":\"2021-05-02T18:17:56+00:00\",\"dateModified\":\"2023-08-14T13:48:25+00:00\",\"breadcrumb\":{\"@id\":\"https:\\\/\\\/www.library.yorku.ca\\\/web\\\/research-learn\\\/workshops-how-to-videos-and-more\\\/#breadcrumb\"},\"inLanguage\":\"en-US\",\"potentialAction\":[{\"@type\":\"ReadAction\",\"target\":[\"https:\\\/\\\/www.library.yorku.ca\\\/web\\\/research-learn\\\/workshops-how-to-videos-and-more\\\/\"]}]},{\"@type\":\"ImageObject\",\"inLanguage\":\"en-US\",\"@id\":\"https:\\\/\\\/www.library.yorku.ca\\\/web\\\/research-learn\\\/workshops-how-to-videos-and-more\\\/#primaryimage\",\"url\":\"https:\\\/\\\/www.library.yorku.ca\\\/web\\\/wp-content\\\/uploads\\\/2021\\\/05\\\/Lab-lifesci53.jpg\",\"contentUrl\":\"https:\\\/\\\/www.library.yorku.ca\\\/web\\\/wp-content\\\/uploads\\\/2021\\\/05\\\/Lab-lifesci53.jpg\",\"width\":1728,\"height\":1152},{\"@type\":\"BreadcrumbList\",\"@id\":\"https:\\\/\\\/www.library.yorku.ca\\\/web\\\/research-learn\\\/workshops-how-to-videos-and-more\\\/#breadcrumb\",\"itemListElement\":[{\"@type\":\"ListItem\",\"position\":1,\"name\":\"Home\",\"item\":\"https:\\\/\\\/www.library.yorku.ca\\\/web\\\/\"},{\"@type\":\"ListItem\",\"position\":2,\"name\":\"Research &amp; Learn\",\"item\":\"https:\\\/\\\/www.library.yorku.ca\\\/web\\\/research-learn\\\/\"},{\"@type\":\"ListItem\",\"position\":3,\"name\":\"'How-to' videos and more!\"}]},{\"@type\":\"WebSite\",\"@id\":\"https:\\\/\\\/www.library.yorku.ca\\\/web\\\/#website\",\"url\":\"https:\\\/\\\/www.library.yorku.ca\\\/web\\\/\",\"name\":\"York University Libraries\",\"description\":\"\",\"publisher\":{\"@id\":\"https:\\\/\\\/www.library.yorku.ca\\\/web\\\/#organization\"},\"alternateName\":\"YUL Home\",\"potentialAction\":[{\"@type\":\"SearchAction\",\"target\":{\"@type\":\"EntryPoint\",\"urlTemplate\":\"https:\\\/\\\/www.library.yorku.ca\\\/web\\\/?s={search_term_string}\"},\"query-input\":{\"@type\":\"PropertyValueSpecification\",\"valueRequired\":true,\"valueName\":\"search_term_string\"}}],\"inLanguage\":\"en-US\"},{\"@type\":\"Organization\",\"@id\":\"https:\\\/\\\/www.library.yorku.ca\\\/web\\\/#organization\",\"name\":\"York University Libraries\",\"alternateName\":\"York University\",\"url\":\"https:\\\/\\\/www.library.yorku.ca\\\/web\\\/\",\"logo\":{\"@type\":\"ImageObject\",\"inLanguage\":\"en-US\",\"@id\":\"https:\\\/\\\/www.library.yorku.ca\\\/web\\\/#\\\/schema\\\/logo\\\/image\\\/\",\"url\":\"https:\\\/\\\/www.library.yorku.ca\\\/web\\\/wp-content\\\/uploads\\\/2023\\\/06\\\/Yorku-logo-696x696-1.jpg\",\"contentUrl\":\"https:\\\/\\\/www.library.yorku.ca\\\/web\\\/wp-content\\\/uploads\\\/2023\\\/06\\\/Yorku-logo-696x696-1.jpg\",\"width\":696,\"height\":696,\"caption\":\"York University Libraries\"},\"image\":{\"@id\":\"https:\\\/\\\/www.library.yorku.ca\\\/web\\\/#\\\/schema\\\/logo\\\/image\\\/\"}}]}<\/script>\n<!-- \/ Yoast SEO plugin. -->","yoast_head_json":{"title":"'How-to' videos and more! - York University Libraries","robots":{"index":"index","follow":"follow","max-snippet":"max-snippet:-1","max-image-preview":"max-image-preview:large","max-video-preview":"max-video-preview:-1"},"canonical":"https:\/\/www.library.yorku.ca\/web\/research-learn\/workshops-how-to-videos-and-more\/","og_locale":"en_US","og_type":"article","og_title":"'How-to' videos and more! - York University Libraries","og_description":"Our Current Workshops York University Libraries' suite of online workshops features many offerings. Target audiences include students and researchers. Areas covered include information literacy, academic integrity, research and digital skills. Our Instructional Videos Our instructional videos offer you quick short, engaging information on a range of topics to help you understand, find and use the [&hellip;]","og_url":"https:\/\/www.library.yorku.ca\/web\/research-learn\/workshops-how-to-videos-and-more\/","og_site_name":"York University Libraries","article_modified_time":"2023-08-14T13:48:25+00:00","og_image":[{"url":"https:\/\/www.library.yorku.ca\/web\/wp-content\/uploads\/2021\/05\/Lab-lifesci53-1024x683.jpg","type":"","width":"","height":""}],"twitter_card":"summary_large_image","twitter_misc":{"Est. reading time":"2 minutes"},"schema":{"@context":"https:\/\/schema.org","@graph":[{"@type":"WebPage","@id":"https:\/\/www.library.yorku.ca\/web\/research-learn\/workshops-how-to-videos-and-more\/","url":"https:\/\/www.library.yorku.ca\/web\/research-learn\/workshops-how-to-videos-and-more\/","name":"'How-to' videos and more! - York University Libraries","isPartOf":{"@id":"https:\/\/www.library.yorku.ca\/web\/#website"},"primaryImageOfPage":{"@id":"https:\/\/www.library.yorku.ca\/web\/research-learn\/workshops-how-to-videos-and-more\/#primaryimage"},"image":{"@id":"https:\/\/www.library.yorku.ca\/web\/research-learn\/workshops-how-to-videos-and-more\/#primaryimage"},"thumbnailUrl":"https:\/\/www.library.yorku.ca\/web\/wp-content\/uploads\/2021\/05\/Lab-lifesci53-1024x683.jpg","datePublished":"2021-05-02T18:17:56+00:00","dateModified":"2023-08-14T13:48:25+00:00","breadcrumb":{"@id":"https:\/\/www.library.yorku.ca\/web\/research-learn\/workshops-how-to-videos-and-more\/#breadcrumb"},"inLanguage":"en-US","potentialAction":[{"@type":"ReadAction","target":["https:\/\/www.library.yorku.ca\/web\/research-learn\/workshops-how-to-videos-and-more\/"]}]},{"@type":"ImageObject","inLanguage":"en-US","@id":"https:\/\/www.library.yorku.ca\/web\/research-learn\/workshops-how-to-videos-and-more\/#primaryimage","url":"https:\/\/www.library.yorku.ca\/web\/wp-content\/uploads\/2021\/05\/Lab-lifesci53.jpg","contentUrl":"https:\/\/www.library.yorku.ca\/web\/wp-content\/uploads\/2021\/05\/Lab-lifesci53.jpg","width":1728,"height":1152},{"@type":"BreadcrumbList","@id":"https:\/\/www.library.yorku.ca\/web\/research-learn\/workshops-how-to-videos-and-more\/#breadcrumb","itemListElement":[{"@type":"ListItem","position":1,"name":"Home","item":"https:\/\/www.library.yorku.ca\/web\/"},{"@type":"ListItem","position":2,"name":"Research &amp; Learn","item":"https:\/\/www.library.yorku.ca\/web\/research-learn\/"},{"@type":"ListItem","position":3,"name":"'How-to' videos and more!"}]},{"@type":"WebSite","@id":"https:\/\/www.library.yorku.ca\/web\/#website","url":"https:\/\/www.library.yorku.ca\/web\/","name":"York University Libraries","description":"","publisher":{"@id":"https:\/\/www.library.yorku.ca\/web\/#organization"},"alternateName":"YUL Home","potentialAction":[{"@type":"SearchAction","target":{"@type":"EntryPoint","urlTemplate":"https:\/\/www.library.yorku.ca\/web\/?s={search_term_string}"},"query-input":{"@type":"PropertyValueSpecification","valueRequired":true,"valueName":"search_term_string"}}],"inLanguage":"en-US"},{"@type":"Organization","@id":"https:\/\/www.library.yorku.ca\/web\/#organization","name":"York University Libraries","alternateName":"York University","url":"https:\/\/www.library.yorku.ca\/web\/","logo":{"@type":"ImageObject","inLanguage":"en-US","@id":"https:\/\/www.library.yorku.ca\/web\/#\/schema\/logo\/image\/","url":"https:\/\/www.library.yorku.ca\/web\/wp-content\/uploads\/2023\/06\/Yorku-logo-696x696-1.jpg","contentUrl":"https:\/\/www.library.yorku.ca\/web\/wp-content\/uploads\/2023\/06\/Yorku-logo-696x696-1.jpg","width":696,"height":696,"caption":"York University Libraries"},"image":{"@id":"https:\/\/www.library.yorku.ca\/web\/#\/schema\/logo\/image\/"}}]}},"uagb_featured_image_src":{"full":false,"thumbnail":false,"medium":false,"medium_large":false,"large":false,"1536x1536":false,"2048x2048":false},"uagb_author_info":{"display_name":"Ali Sadaqain","author_link":"https:\/\/www.library.yorku.ca\/web\/blog\/author\/sadaqain\/"},"uagb_comment_info":0,"uagb_excerpt":"Our Current Workshops York University Libraries' suite of online workshops features many offerings. Target audiences include students and researchers. Areas covered include information literacy, academic integrity, research and digital skills. Our Instructional Videos Our instructional videos offer you quick short, engaging information on a range of topics to help you understand, find and use the&hellip;","_links":{"self":[{"href":"https:\/\/www.library.yorku.ca\/web\/wp-json\/wp\/v2\/pages\/16742","targetHints":{"allow":["GET"]}}],"collection":[{"href":"https:\/\/www.library.yorku.ca\/web\/wp-json\/wp\/v2\/pages"}],"about":[{"href":"https:\/\/www.library.yorku.ca\/web\/wp-json\/wp\/v2\/types\/page"}],"author":[{"embeddable":true,"href":"https:\/\/www.library.yorku.ca\/web\/wp-json\/wp\/v2\/users\/3"}],"replies":[{"embeddable":true,"href":"https:\/\/www.library.yorku.ca\/web\/wp-json\/wp\/v2\/comments?post=16742"}],"version-history":[{"count":30,"href":"https:\/\/www.library.yorku.ca\/web\/wp-json\/wp\/v2\/pages\/16742\/revisions"}],"predecessor-version":[{"id":26561,"href":"https:\/\/www.library.yorku.ca\/web\/wp-json\/wp\/v2\/pages\/16742\/revisions\/26561"}],"up":[{"embeddable":true,"href":"https:\/\/www.library.yorku.ca\/web\/wp-json\/wp\/v2\/pages\/114"}],"wp:attachment":[{"href":"https:\/\/www.library.yorku.ca\/web\/wp-json\/wp\/v2\/media?parent=16742"}],"curies":[{"name":"wp","href":"https:\/\/api.w.org\/{rel}","templated":true}]}}