{"id":26458,"date":"2023-08-02T15:13:59","date_gmt":"2023-08-02T19:13:59","guid":{"rendered":"https:\/\/www.library.yorku.ca\/web\/?page_id=26458"},"modified":"2026-01-19T12:03:39","modified_gmt":"2026-01-19T17:03:39","slug":"pret-entre-bibliotheque-omni","status":"publish","type":"page","link":"https:\/\/www.library.yorku.ca\/web\/questions-et-services\/emprunter-renouveler-retourner\/pret-entre-bibliotheque-omni\/?lang=fr","title":{"rendered":"Pr\u00eat entre biblioth\u00e8ques Omni"},"content":{"rendered":"\n<p>Omni est le syst\u00e8me de pr\u00eat entre biblioth\u00e8ques de l'Universit\u00e9 York. Utilisez Omni pour demander et emprunter des ressources d'autres biblioth\u00e8ques et collections en Ontario, au Canada et \u00e0 l'\u00e9tranger.<\/p>\n\n\n\n<p>Les demandes de pr\u00eat entre biblioth\u00e8ques sont effectu\u00e9es via Omni en s\u00e9lectionnant \u00ab Obtenir aupr\u00e8s d\u2019une autre biblioth\u00e8que \u00bb \u00e0 partir de la notice compl\u00e8te d'un document ou en utilisant le <a href=\"https:\/\/ocul-yor.primo.exlibrisgroup.com\/discovery\/blankIll?vid=01OCUL_YOR:YOR_DEFAULT&amp;lang=fr\" target=\"_blank\" rel=\"noreferrer noopener\">formulaire de demande vierge<\/a>. Vous devez \u00eatre connect\u00e9(e) \u00e0 Omni pour utiliser ce service. Pour les membres du corps professoral, le personnel et la communaut\u00e9 \u00e9tudiante de York, visitez la page <a href=\"https:\/\/www.library.yorku.ca\/web\/questions-et-services\/emprunter-renouveler-retourner\/pret-entre-bibliotheque-omni\/faire-une-demande-omni\/?lang=fr\" target=\"_blank\" rel=\"noreferrer noopener\">Faire une demande Omni<\/a>. Vous pouvez v\u00e9rifier l'\u00e9tat de vos demandes dans <a href=\"https:\/\/ocul-yor.primo.exlibrisgroup.com\/discovery\/login?vid=01OCUL_YOR:YOR_DEFAULT&amp;lang=fr\" target=\"_blank\" rel=\"noreferrer noopener\">Mon compte de biblioth\u00e8que<\/a>. Vous trouverez ci-dessous d'autres politiques et proc\u00e9dures ainsi que des informations destin\u00e9es aux biblioth\u00e8ques externes.<\/p>\n\n\n\n<p><strong>Information pour les biblioth\u00e8ques externes<\/strong><\/p>\n\n\n\n<p><a href=\"https:\/\/www.library.yorku.ca\/web\/ask-services\/borrow-renew-return\/omni-interlibrary-loan\/policies-procedures-for-external-libraries\/\">Visitez notre page pour les biblioth\u00e8ques externes pour obtenir des informations sur les politiques, les frais et l'acc\u00e8s au formulaire de demande (disponible en anglais).<\/a><\/p>\n\n\n\n<p>Courriel: <a href=\"mailto:resourcesharing@yorku.ca\" target=\"_blank\" rel=\"noreferrer noopener\">resourcesharing@yorku.ca<\/a><\/p>\n\n\n\n<p>Plus d'informations :<br><a href=\"https:\/\/www.library.yorku.ca\/web\/questions-et-services\/emprunter-renouveler-retourner\/pret-entre-bibliotheque-omni\/faire-une-demande-omni\/?lang=fr\" target=\"_blank\" rel=\"noreferrer noopener\">Faire une demande via Omni pour le corps professoral, le personnel et la communaut\u00e9 \u00e9tudiante de York<\/a><br><a href=\"https:\/\/www.library.yorku.ca\/web\/questions-et-services\/emprunter-renouveler-retourner\/pret-entre-bibliotheque-omni\/regles-et-procedures-pour-le-corps-professoral-et-etudiant-york-u\/?lang=fr\" target=\"_blank\" rel=\"noreferrer noopener\">Politiques et proc\u00e9dures pour les membres du corps professoral, le personnel et la communaut\u00e9 \u00e9tudiante de York<\/a><\/p>\n\n\n\n<div style=\"height:100px\" aria-hidden=\"true\" class=\"wp-block-spacer\"><\/div>\n","protected":false},"excerpt":{"rendered":"<p>Omni est le syst\u00e8me de pr\u00eat entre biblioth\u00e8ques de l'Universit\u00e9 York. Utilisez Omni pour demander et emprunter des ressources d'autres biblioth\u00e8ques et collections en Ontario, au Canada et \u00e0 l'\u00e9tranger. Les demandes de pr\u00eat entre biblioth\u00e8ques sont effectu\u00e9es via Omni en s\u00e9lectionnant \u00ab Obtenir aupr\u00e8s d\u2019une autre biblioth\u00e8que \u00bb \u00e0 partir de la notice compl\u00e8te [&hellip;]<\/p>\n","protected":false},"author":46,"featured_media":0,"parent":5761,"menu_order":0,"comment_status":"closed","ping_status":"closed","template":"","meta":{"_uag_custom_page_level_css":"","footnotes":""},"class_list":["post-26458","page","type-page","status-publish","hentry"],"yoast_head":"<!-- This site is optimized with the Yoast SEO plugin v27.5 - https:\/\/yoast.com\/product\/yoast-seo-wordpress\/ -->\n<title>Pr\u00eat entre biblioth\u00e8ques Omni - York University Libraries<\/title>\n<meta name=\"robots\" content=\"index, follow, max-snippet:-1, max-image-preview:large, max-video-preview:-1\" \/>\n<link rel=\"canonical\" href=\"https:\/\/www.library.yorku.ca\/web\/questions-et-services\/emprunter-renouveler-retourner\/pret-entre-bibliotheque-omni\/?lang=fr\" \/>\n<meta property=\"og:locale\" content=\"en_US\" \/>\n<meta property=\"og:type\" content=\"article\" \/>\n<meta property=\"og:title\" content=\"Pr\u00eat entre biblioth\u00e8ques Omni - York University Libraries\" \/>\n<meta property=\"og:description\" content=\"Omni est le syst\u00e8me de pr\u00eat entre biblioth\u00e8ques de l&#039;Universit\u00e9 York. Utilisez Omni pour demander et emprunter des ressources d&#039;autres biblioth\u00e8ques et collections en Ontario, au Canada et \u00e0 l&#039;\u00e9tranger. Les demandes de pr\u00eat entre biblioth\u00e8ques sont effectu\u00e9es via Omni en s\u00e9lectionnant \u00ab Obtenir aupr\u00e8s d\u2019une autre biblioth\u00e8que \u00bb \u00e0 partir de la notice compl\u00e8te [&hellip;]\" \/>\n<meta property=\"og:url\" content=\"https:\/\/www.library.yorku.ca\/web\/questions-et-services\/emprunter-renouveler-retourner\/pret-entre-bibliotheque-omni\/?lang=fr\" \/>\n<meta property=\"og:site_name\" content=\"York University Libraries\" \/>\n<meta property=\"article:modified_time\" content=\"2026-01-19T17:03:39+00:00\" \/>\n<meta property=\"og:image\" content=\"https:\/\/www.library.yorku.ca\/web\/wp-content\/uploads\/2023\/06\/Horizontal-York-Logo-1200x675-1.jpg\" \/>\n\t<meta property=\"og:image:width\" content=\"1200\" \/>\n\t<meta property=\"og:image:height\" content=\"675\" \/>\n\t<meta property=\"og:image:type\" content=\"image\/jpeg\" \/>\n<meta name=\"twitter:card\" content=\"summary_large_image\" \/>\n<meta name=\"twitter:label1\" content=\"Est. reading time\" \/>\n\t<meta name=\"twitter:data1\" content=\"1 minute\" \/>\n<script type=\"application\/ld+json\" class=\"yoast-schema-graph\">{\"@context\":\"https:\\\/\\\/schema.org\",\"@graph\":[{\"@type\":\"WebPage\",\"@id\":\"https:\\\/\\\/www.library.yorku.ca\\\/web\\\/questions-et-services\\\/emprunter-renouveler-retourner\\\/pret-entre-bibliotheque-omni\\\/?lang=fr\",\"url\":\"https:\\\/\\\/www.library.yorku.ca\\\/web\\\/questions-et-services\\\/emprunter-renouveler-retourner\\\/pret-entre-bibliotheque-omni\\\/?lang=fr\",\"name\":\"Pr\u00eat entre biblioth\u00e8ques Omni - York University Libraries\",\"isPartOf\":{\"@id\":\"https:\\\/\\\/www.library.yorku.ca\\\/web\\\/#website\"},\"datePublished\":\"2023-08-02T19:13:59+00:00\",\"dateModified\":\"2026-01-19T17:03:39+00:00\",\"breadcrumb\":{\"@id\":\"https:\\\/\\\/www.library.yorku.ca\\\/web\\\/questions-et-services\\\/emprunter-renouveler-retourner\\\/pret-entre-bibliotheque-omni\\\/?lang=fr#breadcrumb\"},\"inLanguage\":\"en-US\",\"potentialAction\":[{\"@type\":\"ReadAction\",\"target\":[\"https:\\\/\\\/www.library.yorku.ca\\\/web\\\/questions-et-services\\\/emprunter-renouveler-retourner\\\/pret-entre-bibliotheque-omni\\\/?lang=fr\"]}]},{\"@type\":\"BreadcrumbList\",\"@id\":\"https:\\\/\\\/www.library.yorku.ca\\\/web\\\/questions-et-services\\\/emprunter-renouveler-retourner\\\/pret-entre-bibliotheque-omni\\\/?lang=fr#breadcrumb\",\"itemListElement\":[{\"@type\":\"ListItem\",\"position\":1,\"name\":\"Home\",\"item\":\"https:\\\/\\\/www.library.yorku.ca\\\/web\\\/\"},{\"@type\":\"ListItem\",\"position\":2,\"name\":\"Questions et services\",\"item\":\"https:\\\/\\\/www.library.yorku.ca\\\/web\\\/questions-et-services\\\/?lang=fr\"},{\"@type\":\"ListItem\",\"position\":3,\"name\":\"Comptes, emprunts et demandes\",\"item\":\"https:\\\/\\\/www.library.yorku.ca\\\/web\\\/questions-et-services\\\/emprunter-renouveler-retourner\\\/?lang=fr\"},{\"@type\":\"ListItem\",\"position\":4,\"name\":\"Pr\u00eat entre biblioth\u00e8ques Omni\"}]},{\"@type\":\"WebSite\",\"@id\":\"https:\\\/\\\/www.library.yorku.ca\\\/web\\\/#website\",\"url\":\"https:\\\/\\\/www.library.yorku.ca\\\/web\\\/\",\"name\":\"York University Libraries\",\"description\":\"\",\"publisher\":{\"@id\":\"https:\\\/\\\/www.library.yorku.ca\\\/web\\\/#organization\"},\"alternateName\":\"YUL Home\",\"potentialAction\":[{\"@type\":\"SearchAction\",\"target\":{\"@type\":\"EntryPoint\",\"urlTemplate\":\"https:\\\/\\\/www.library.yorku.ca\\\/web\\\/?s={search_term_string}\"},\"query-input\":{\"@type\":\"PropertyValueSpecification\",\"valueRequired\":true,\"valueName\":\"search_term_string\"}}],\"inLanguage\":\"en-US\"},{\"@type\":\"Organization\",\"@id\":\"https:\\\/\\\/www.library.yorku.ca\\\/web\\\/#organization\",\"name\":\"York University Libraries\",\"alternateName\":\"York University\",\"url\":\"https:\\\/\\\/www.library.yorku.ca\\\/web\\\/\",\"logo\":{\"@type\":\"ImageObject\",\"inLanguage\":\"en-US\",\"@id\":\"https:\\\/\\\/www.library.yorku.ca\\\/web\\\/#\\\/schema\\\/logo\\\/image\\\/\",\"url\":\"https:\\\/\\\/www.library.yorku.ca\\\/web\\\/wp-content\\\/uploads\\\/2023\\\/06\\\/Yorku-logo-696x696-1.jpg\",\"contentUrl\":\"https:\\\/\\\/www.library.yorku.ca\\\/web\\\/wp-content\\\/uploads\\\/2023\\\/06\\\/Yorku-logo-696x696-1.jpg\",\"width\":696,\"height\":696,\"caption\":\"York University Libraries\"},\"image\":{\"@id\":\"https:\\\/\\\/www.library.yorku.ca\\\/web\\\/#\\\/schema\\\/logo\\\/image\\\/\"}}]}<\/script>\n<!-- \/ Yoast SEO plugin. -->","yoast_head_json":{"title":"Pr\u00eat entre biblioth\u00e8ques Omni - York University Libraries","robots":{"index":"index","follow":"follow","max-snippet":"max-snippet:-1","max-image-preview":"max-image-preview:large","max-video-preview":"max-video-preview:-1"},"canonical":"https:\/\/www.library.yorku.ca\/web\/questions-et-services\/emprunter-renouveler-retourner\/pret-entre-bibliotheque-omni\/?lang=fr","og_locale":"en_US","og_type":"article","og_title":"Pr\u00eat entre biblioth\u00e8ques Omni - York University Libraries","og_description":"Omni est le syst\u00e8me de pr\u00eat entre biblioth\u00e8ques de l'Universit\u00e9 York. Utilisez Omni pour demander et emprunter des ressources d'autres biblioth\u00e8ques et collections en Ontario, au Canada et \u00e0 l'\u00e9tranger. Les demandes de pr\u00eat entre biblioth\u00e8ques sont effectu\u00e9es via Omni en s\u00e9lectionnant \u00ab Obtenir aupr\u00e8s d\u2019une autre biblioth\u00e8que \u00bb \u00e0 partir de la notice compl\u00e8te [&hellip;]","og_url":"https:\/\/www.library.yorku.ca\/web\/questions-et-services\/emprunter-renouveler-retourner\/pret-entre-bibliotheque-omni\/?lang=fr","og_site_name":"York University Libraries","article_modified_time":"2026-01-19T17:03:39+00:00","og_image":[{"width":1200,"height":675,"url":"https:\/\/www.library.yorku.ca\/web\/wp-content\/uploads\/2023\/06\/Horizontal-York-Logo-1200x675-1.jpg","type":"image\/jpeg"}],"twitter_card":"summary_large_image","twitter_misc":{"Est. reading time":"1 minute"},"schema":{"@context":"https:\/\/schema.org","@graph":[{"@type":"WebPage","@id":"https:\/\/www.library.yorku.ca\/web\/questions-et-services\/emprunter-renouveler-retourner\/pret-entre-bibliotheque-omni\/?lang=fr","url":"https:\/\/www.library.yorku.ca\/web\/questions-et-services\/emprunter-renouveler-retourner\/pret-entre-bibliotheque-omni\/?lang=fr","name":"Pr\u00eat entre biblioth\u00e8ques Omni - York University Libraries","isPartOf":{"@id":"https:\/\/www.library.yorku.ca\/web\/#website"},"datePublished":"2023-08-02T19:13:59+00:00","dateModified":"2026-01-19T17:03:39+00:00","breadcrumb":{"@id":"https:\/\/www.library.yorku.ca\/web\/questions-et-services\/emprunter-renouveler-retourner\/pret-entre-bibliotheque-omni\/?lang=fr#breadcrumb"},"inLanguage":"en-US","potentialAction":[{"@type":"ReadAction","target":["https:\/\/www.library.yorku.ca\/web\/questions-et-services\/emprunter-renouveler-retourner\/pret-entre-bibliotheque-omni\/?lang=fr"]}]},{"@type":"BreadcrumbList","@id":"https:\/\/www.library.yorku.ca\/web\/questions-et-services\/emprunter-renouveler-retourner\/pret-entre-bibliotheque-omni\/?lang=fr#breadcrumb","itemListElement":[{"@type":"ListItem","position":1,"name":"Home","item":"https:\/\/www.library.yorku.ca\/web\/"},{"@type":"ListItem","position":2,"name":"Questions et services","item":"https:\/\/www.library.yorku.ca\/web\/questions-et-services\/?lang=fr"},{"@type":"ListItem","position":3,"name":"Comptes, emprunts et demandes","item":"https:\/\/www.library.yorku.ca\/web\/questions-et-services\/emprunter-renouveler-retourner\/?lang=fr"},{"@type":"ListItem","position":4,"name":"Pr\u00eat entre biblioth\u00e8ques Omni"}]},{"@type":"WebSite","@id":"https:\/\/www.library.yorku.ca\/web\/#website","url":"https:\/\/www.library.yorku.ca\/web\/","name":"York University Libraries","description":"","publisher":{"@id":"https:\/\/www.library.yorku.ca\/web\/#organization"},"alternateName":"YUL Home","potentialAction":[{"@type":"SearchAction","target":{"@type":"EntryPoint","urlTemplate":"https:\/\/www.library.yorku.ca\/web\/?s={search_term_string}"},"query-input":{"@type":"PropertyValueSpecification","valueRequired":true,"valueName":"search_term_string"}}],"inLanguage":"en-US"},{"@type":"Organization","@id":"https:\/\/www.library.yorku.ca\/web\/#organization","name":"York University Libraries","alternateName":"York University","url":"https:\/\/www.library.yorku.ca\/web\/","logo":{"@type":"ImageObject","inLanguage":"en-US","@id":"https:\/\/www.library.yorku.ca\/web\/#\/schema\/logo\/image\/","url":"https:\/\/www.library.yorku.ca\/web\/wp-content\/uploads\/2023\/06\/Yorku-logo-696x696-1.jpg","contentUrl":"https:\/\/www.library.yorku.ca\/web\/wp-content\/uploads\/2023\/06\/Yorku-logo-696x696-1.jpg","width":696,"height":696,"caption":"York University Libraries"},"image":{"@id":"https:\/\/www.library.yorku.ca\/web\/#\/schema\/logo\/image\/"}}]}},"uagb_featured_image_src":{"full":false,"thumbnail":false,"medium":false,"medium_large":false,"large":false,"1536x1536":false,"2048x2048":false},"uagb_author_info":{"display_name":"sammcwil","author_link":"https:\/\/www.library.yorku.ca\/web\/blog\/author\/sammcwil\/"},"uagb_comment_info":0,"uagb_excerpt":"Omni est le syst\u00e8me de pr\u00eat entre biblioth\u00e8ques de l'Universit\u00e9 York. Utilisez Omni pour demander et emprunter des ressources d'autres biblioth\u00e8ques et collections en Ontario, au Canada et \u00e0 l'\u00e9tranger. Les demandes de pr\u00eat entre biblioth\u00e8ques sont effectu\u00e9es via Omni en s\u00e9lectionnant \u00ab Obtenir aupr\u00e8s d\u2019une autre biblioth\u00e8que \u00bb \u00e0 partir de la notice compl\u00e8te&hellip;","_links":{"self":[{"href":"https:\/\/www.library.yorku.ca\/web\/wp-json\/wp\/v2\/pages\/26458","targetHints":{"allow":["GET"]}}],"collection":[{"href":"https:\/\/www.library.yorku.ca\/web\/wp-json\/wp\/v2\/pages"}],"about":[{"href":"https:\/\/www.library.yorku.ca\/web\/wp-json\/wp\/v2\/types\/page"}],"author":[{"embeddable":true,"href":"https:\/\/www.library.yorku.ca\/web\/wp-json\/wp\/v2\/users\/46"}],"replies":[{"embeddable":true,"href":"https:\/\/www.library.yorku.ca\/web\/wp-json\/wp\/v2\/comments?post=26458"}],"version-history":[{"count":13,"href":"https:\/\/www.library.yorku.ca\/web\/wp-json\/wp\/v2\/pages\/26458\/revisions"}],"predecessor-version":[{"id":33299,"href":"https:\/\/www.library.yorku.ca\/web\/wp-json\/wp\/v2\/pages\/26458\/revisions\/33299"}],"up":[{"embeddable":true,"href":"https:\/\/www.library.yorku.ca\/web\/wp-json\/wp\/v2\/pages\/5761"}],"wp:attachment":[{"href":"https:\/\/www.library.yorku.ca\/web\/wp-json\/wp\/v2\/media?parent=26458"}],"curies":[{"name":"wp","href":"https:\/\/api.w.org\/{rel}","templated":true}]}}