{"id":5745,"date":"2015-08-05T11:47:46","date_gmt":"2015-08-05T15:47:46","guid":{"rendered":"http:\/\/www.library.yorku.ca\/web\/?page_id=5745"},"modified":"2025-07-28T16:03:37","modified_gmt":"2025-07-28T20:03:37","slug":"privileges-demprunt","status":"publish","type":"page","link":"https:\/\/www.library.yorku.ca\/web\/questions-et-services\/emprunter-renouveler-retourner\/privileges-demprunt\/?lang=fr","title":{"rendered":"Comptes de biblioth\u00e8ques et cartes YU"},"content":{"rendered":"<h4><mark class=\"has-inline-color\" style=\"background-color: #ace6f8\"><strong>Votre carte YU, c'est votre carte de biblioth\u00e8que<\/strong><\/mark><\/h4>\n<p><strong>Veuillez noter<\/strong> : Si vous n'\u00eates pas membre du corps \u00e9tudiant, membre du personnel ou membre du corps enseignant, veuillez s'il-vous-pla\u00eet consulter notre page d'<a href=\"https:\/\/www.library.yorku.ca\/web\/ask-services\/borrow-renew-return\/external-borrowers-alumni\/\" target=\"_blank\" rel=\"noopener\">Emprunteurs externes<\/a> [disponible en anglais].<\/p>\n<p>Les \u00e9tudiants, les membres du corps enseignant et les membres du personnel ont besoin d'une <strong>carte YU valide<\/strong> pour acc\u00e9der \u00e0 de nombreuses ressources et services des biblioth\u00e8ques.<\/p>\n<ul>\n<li style=\"list-style-type: none\">\n<ul>\n<li>acc\u00e9der aux bases de donn\u00e9es, au livres num\u00e9riques et aux articles en ligne des biblioth\u00e8ques<\/li>\n<li><a href=\"https:\/\/www.library.yorku.ca\/web\/questions-et-services\/emprunter-renouveler-retourner\/les-demandes-et-le-service-de-ramassage\/?lang=fr\" target=\"_blank\" rel=\"noopener\">demander des livres<\/a> dans <a href=\"https:\/\/ocul-yor.primo.exlibrisgroup.com\/discovery\/search?vid=01OCUL_YOR:YOR_DEFAULT&amp;lang=fr&amp;mode=simple\" target=\"_blank\" rel=\"noopener\">Omni<\/a><\/li>\n<li><a href=\"https:\/\/www.library.yorku.ca\/web\/questions-et-services\/emprunter-renouveler-retourner\/emprunts-retours-et-amendesfrais\/?lang=fr\" target=\"_blank\" rel=\"noopener\">emprunter des livres<\/a><\/li>\n<li><a href=\"https:\/\/www.library.yorku.ca\/web\/questions-et-services\/emprunter-renouveler-retourner\/les-demandes-et-le-service-de-ramassage\/?lang=fr\" target=\"_blank\" rel=\"noopener\">r\u00e9cup\u00e9rer des livres dans les casiers \u00e0 livres<\/a><\/li>\n<li>imprimer et photocopier<\/li>\n<\/ul>\n<\/li>\n<\/ul>\n<p>Veuillez soumettre votre demande de carte YU sur le <a href=\"https:\/\/www.yorku.ca\/yucard\/?lang=fr\" target=\"_blank\" rel=\"noopener\">site Web du bureau des cartes YU<\/a>.<\/p>\n<h4>Mon compte de biblioth\u00e8que<\/h4>\n<p>Si vous avez une carte YU valide, vous pouvez acc\u00e9der \u00e0 votre <a href=\"https:\/\/ocul-yor.primo.exlibrisgroup.com\/discovery\/account?vid=01OCUL_YOR:YOR_DEFAULT&amp;section=overview&amp;lang=fr\" target=\"_blank\" rel=\"noopener\">compte de biblioth\u00e8que<\/a> avec vos identifiants Passport York.<\/p>\n<p>Votre <a href=\"https:\/\/ocul-yor.primo.exlibrisgroup.com\/discovery\/account?vid=01OCUL_YOR:YOR_DEFAULT&amp;section=overview&amp;lang=fr\" target=\"_blank\" rel=\"noopener\">compte de biblioth\u00e8que<\/a> comprend :<\/p>\n<ul>\n<li style=\"list-style-type: none\">\n<ul>\n<li>vos pr\u00eats actuels<\/li>\n<li>vos dates d'\u00e9ch\u00e9ance<\/li>\n<li>le statut de vos demandes<\/li>\n<li><a href=\"https:\/\/www.library.yorku.ca\/web\/questions-et-services\/emprunter-renouveler-retourner\/emprunts-retours-et-amendesfrais\/?lang=fr\" target=\"_blank\" rel=\"noopener\">amendes et frais<\/a><\/li>\n<\/ul>\n<\/li>\n<\/ul>\n<p><strong>Remarque<\/strong> : <em>Les privileges d'emprunts sont imm\u00e9diatement suspendus si vos amendes s'\u00e9l\u00e8vent \u00e0 25 $ ou plus.<\/em><\/p>\n<p>Pour plus d'informations, voir <a href=\"https:\/\/www.library.yorku.ca\/web\/questions-et-services\/emprunter-renouveler-retourner\/emprunts-retours-et-amendesfrais\/?lang=fr\" target=\"_blank\" rel=\"noopener\">Emprunts, retours et amendes\/frais<\/a><\/p>\n<h4>Comptes de biblioth\u00e8ques et d\u00e9pannage des carte YU<\/h4>\n<p>Si vous avez une carte YU, mais que vous ne pouvez toujours pas acc\u00e9der aux ressources \u00e9lectroniques ou \u00e0 votre compte de biblioth\u00e8ques :<\/p>\n<ul>\n<li style=\"list-style-type: none\">\n<ul>\n<li>Assurez-vous d'avoir t\u00e9l\u00e9charg\u00e9 la carte YU dans le portefeuille de votre appareil mobile.<\/li>\n<li>Si vous avez r\u00e9cemment t\u00e9l\u00e9charg\u00e9 la carte YU, veuillez attendre jusqu'\u00e0 24 heures pour acc\u00e9der \u00e0 votre compte de biblioth\u00e8que.<\/li>\n<li>Si vous ne parvenez pas \u00e0 t\u00e9l\u00e9charger la carte YU, veuillez contacter le <a href=\"https:\/\/www.yorku.ca\/yucard\/?lang=fr\" target=\"_blank\" rel=\"noopener\">bureau des cartes YU<\/a>.<\/li>\n<li>Si votre carte YU est verrouill\u00e9e parce que vous avez essay\u00e9 de la t\u00e9l\u00e9charger sur plus d'un appareil, veuillez contacter le <a href=\"https:\/\/www.yorku.ca\/yucard\/?lang=fr\" target=\"_blank\" rel=\"noopener\">bureau des cartes YU<\/a>.<\/li>\n<li>V\u00e9rifiez la date d'expiration de votre carte YU physique, si vous en avez une. Si votre carte est expir\u00e9e, veuillez <a href=\"https:\/\/www.yorku.ca\/yucard\/apply\/?lang=fr\" target=\"_blank\" rel=\"noopener\">en demander une nouvelle<\/a>.<\/li>\n<\/ul>\n<\/li>\n<\/ul>\n<p>Pour toute autre question concernant votre compte de biblioth\u00e8que et\/ou votre carte YU, veuillez contacter Library Access Services (<a href=\"mailto:askusyul@yorku.ca\">askusyul@yorku.ca<\/a>).<\/p>\n<p><a href=\"https:\/\/www.library.yorku.ca\/web\/questions-et-services\/emprunter-renouveler-retourner\/regles-de-pret-2\/?lang=fr\" target=\"_blank\" rel=\"noopener\">R\u00e8gles de pr\u00eat<\/a><\/p>\n","protected":false},"excerpt":{"rendered":"<p>Votre carte YU, c'est votre carte de biblioth\u00e8que Veuillez noter : Si vous n'\u00eates pas membre du corps \u00e9tudiant, membre du personnel ou membre du corps enseignant, veuillez s'il-vous-pla\u00eet consulter notre page d'Emprunteurs externes [disponible en anglais]. Les \u00e9tudiants, les membres du corps enseignant et les membres du personnel ont besoin d'une carte YU valide [&hellip;]<\/p>\n","protected":false},"author":1,"featured_media":0,"parent":5761,"menu_order":20,"comment_status":"closed","ping_status":"closed","template":"","meta":{"_uag_custom_page_level_css":"","footnotes":""},"class_list":["post-5745","page","type-page","status-publish","hentry"],"yoast_head":"<!-- This site is optimized with the Yoast SEO plugin v27.5 - https:\/\/yoast.com\/product\/yoast-seo-wordpress\/ -->\n<title>Comptes de biblioth\u00e8ques et cartes YU - York University Libraries<\/title>\n<meta name=\"robots\" content=\"index, follow, max-snippet:-1, max-image-preview:large, max-video-preview:-1\" \/>\n<link rel=\"canonical\" href=\"https:\/\/www.library.yorku.ca\/web\/questions-et-services\/emprunter-renouveler-retourner\/privileges-demprunt\/?lang=fr\" \/>\n<meta property=\"og:locale\" content=\"en_US\" \/>\n<meta property=\"og:type\" content=\"article\" \/>\n<meta property=\"og:title\" content=\"Comptes de biblioth\u00e8ques et cartes YU - York University Libraries\" \/>\n<meta property=\"og:description\" content=\"Votre carte YU, c&#039;est votre carte de biblioth\u00e8que Veuillez noter : Si vous n&#039;\u00eates pas membre du corps \u00e9tudiant, membre du personnel ou membre du corps enseignant, veuillez s&#039;il-vous-pla\u00eet consulter notre page d&#039;Emprunteurs externes [disponible en anglais]. Les \u00e9tudiants, les membres du corps enseignant et les membres du personnel ont besoin d&#039;une carte YU valide [&hellip;]\" \/>\n<meta property=\"og:url\" content=\"https:\/\/www.library.yorku.ca\/web\/questions-et-services\/emprunter-renouveler-retourner\/privileges-demprunt\/?lang=fr\" \/>\n<meta property=\"og:site_name\" content=\"York University Libraries\" \/>\n<meta property=\"article:modified_time\" content=\"2025-07-28T20:03:37+00:00\" \/>\n<meta property=\"og:image\" content=\"https:\/\/www.library.yorku.ca\/web\/wp-content\/uploads\/2023\/06\/Horizontal-York-Logo-1200x675-1.jpg\" \/>\n\t<meta property=\"og:image:width\" content=\"1200\" \/>\n\t<meta property=\"og:image:height\" content=\"675\" \/>\n\t<meta property=\"og:image:type\" content=\"image\/jpeg\" \/>\n<meta name=\"twitter:card\" content=\"summary_large_image\" \/>\n<meta name=\"twitter:label1\" content=\"Est. reading time\" \/>\n\t<meta name=\"twitter:data1\" content=\"2 minutes\" \/>\n<script type=\"application\/ld+json\" class=\"yoast-schema-graph\">{\"@context\":\"https:\\\/\\\/schema.org\",\"@graph\":[{\"@type\":\"WebPage\",\"@id\":\"https:\\\/\\\/www.library.yorku.ca\\\/web\\\/questions-et-services\\\/emprunter-renouveler-retourner\\\/privileges-demprunt\\\/?lang=fr\",\"url\":\"https:\\\/\\\/www.library.yorku.ca\\\/web\\\/questions-et-services\\\/emprunter-renouveler-retourner\\\/privileges-demprunt\\\/?lang=fr\",\"name\":\"Comptes de biblioth\u00e8ques et cartes YU - York University Libraries\",\"isPartOf\":{\"@id\":\"https:\\\/\\\/www.library.yorku.ca\\\/web\\\/#website\"},\"datePublished\":\"2015-08-05T15:47:46+00:00\",\"dateModified\":\"2025-07-28T20:03:37+00:00\",\"breadcrumb\":{\"@id\":\"https:\\\/\\\/www.library.yorku.ca\\\/web\\\/questions-et-services\\\/emprunter-renouveler-retourner\\\/privileges-demprunt\\\/?lang=fr#breadcrumb\"},\"inLanguage\":\"en-US\",\"potentialAction\":[{\"@type\":\"ReadAction\",\"target\":[\"https:\\\/\\\/www.library.yorku.ca\\\/web\\\/questions-et-services\\\/emprunter-renouveler-retourner\\\/privileges-demprunt\\\/?lang=fr\"]}]},{\"@type\":\"BreadcrumbList\",\"@id\":\"https:\\\/\\\/www.library.yorku.ca\\\/web\\\/questions-et-services\\\/emprunter-renouveler-retourner\\\/privileges-demprunt\\\/?lang=fr#breadcrumb\",\"itemListElement\":[{\"@type\":\"ListItem\",\"position\":1,\"name\":\"Home\",\"item\":\"https:\\\/\\\/www.library.yorku.ca\\\/web\\\/\"},{\"@type\":\"ListItem\",\"position\":2,\"name\":\"Questions et services\",\"item\":\"https:\\\/\\\/www.library.yorku.ca\\\/web\\\/questions-et-services\\\/?lang=fr\"},{\"@type\":\"ListItem\",\"position\":3,\"name\":\"Comptes, emprunts et demandes\",\"item\":\"https:\\\/\\\/www.library.yorku.ca\\\/web\\\/questions-et-services\\\/emprunter-renouveler-retourner\\\/?lang=fr\"},{\"@type\":\"ListItem\",\"position\":4,\"name\":\"Comptes de biblioth\u00e8ques et cartes YU\"}]},{\"@type\":\"WebSite\",\"@id\":\"https:\\\/\\\/www.library.yorku.ca\\\/web\\\/#website\",\"url\":\"https:\\\/\\\/www.library.yorku.ca\\\/web\\\/\",\"name\":\"York University Libraries\",\"description\":\"\",\"publisher\":{\"@id\":\"https:\\\/\\\/www.library.yorku.ca\\\/web\\\/#organization\"},\"alternateName\":\"YUL Home\",\"potentialAction\":[{\"@type\":\"SearchAction\",\"target\":{\"@type\":\"EntryPoint\",\"urlTemplate\":\"https:\\\/\\\/www.library.yorku.ca\\\/web\\\/?s={search_term_string}\"},\"query-input\":{\"@type\":\"PropertyValueSpecification\",\"valueRequired\":true,\"valueName\":\"search_term_string\"}}],\"inLanguage\":\"en-US\"},{\"@type\":\"Organization\",\"@id\":\"https:\\\/\\\/www.library.yorku.ca\\\/web\\\/#organization\",\"name\":\"York University Libraries\",\"alternateName\":\"York University\",\"url\":\"https:\\\/\\\/www.library.yorku.ca\\\/web\\\/\",\"logo\":{\"@type\":\"ImageObject\",\"inLanguage\":\"en-US\",\"@id\":\"https:\\\/\\\/www.library.yorku.ca\\\/web\\\/#\\\/schema\\\/logo\\\/image\\\/\",\"url\":\"https:\\\/\\\/www.library.yorku.ca\\\/web\\\/wp-content\\\/uploads\\\/2023\\\/06\\\/Yorku-logo-696x696-1.jpg\",\"contentUrl\":\"https:\\\/\\\/www.library.yorku.ca\\\/web\\\/wp-content\\\/uploads\\\/2023\\\/06\\\/Yorku-logo-696x696-1.jpg\",\"width\":696,\"height\":696,\"caption\":\"York University Libraries\"},\"image\":{\"@id\":\"https:\\\/\\\/www.library.yorku.ca\\\/web\\\/#\\\/schema\\\/logo\\\/image\\\/\"}}]}<\/script>\n<!-- \/ Yoast SEO plugin. -->","yoast_head_json":{"title":"Comptes de biblioth\u00e8ques et cartes YU - York University Libraries","robots":{"index":"index","follow":"follow","max-snippet":"max-snippet:-1","max-image-preview":"max-image-preview:large","max-video-preview":"max-video-preview:-1"},"canonical":"https:\/\/www.library.yorku.ca\/web\/questions-et-services\/emprunter-renouveler-retourner\/privileges-demprunt\/?lang=fr","og_locale":"en_US","og_type":"article","og_title":"Comptes de biblioth\u00e8ques et cartes YU - York University Libraries","og_description":"Votre carte YU, c'est votre carte de biblioth\u00e8que Veuillez noter : Si vous n'\u00eates pas membre du corps \u00e9tudiant, membre du personnel ou membre du corps enseignant, veuillez s'il-vous-pla\u00eet consulter notre page d'Emprunteurs externes [disponible en anglais]. Les \u00e9tudiants, les membres du corps enseignant et les membres du personnel ont besoin d'une carte YU valide [&hellip;]","og_url":"https:\/\/www.library.yorku.ca\/web\/questions-et-services\/emprunter-renouveler-retourner\/privileges-demprunt\/?lang=fr","og_site_name":"York University Libraries","article_modified_time":"2025-07-28T20:03:37+00:00","og_image":[{"width":1200,"height":675,"url":"https:\/\/www.library.yorku.ca\/web\/wp-content\/uploads\/2023\/06\/Horizontal-York-Logo-1200x675-1.jpg","type":"image\/jpeg"}],"twitter_card":"summary_large_image","twitter_misc":{"Est. reading time":"2 minutes"},"schema":{"@context":"https:\/\/schema.org","@graph":[{"@type":"WebPage","@id":"https:\/\/www.library.yorku.ca\/web\/questions-et-services\/emprunter-renouveler-retourner\/privileges-demprunt\/?lang=fr","url":"https:\/\/www.library.yorku.ca\/web\/questions-et-services\/emprunter-renouveler-retourner\/privileges-demprunt\/?lang=fr","name":"Comptes de biblioth\u00e8ques et cartes YU - York University Libraries","isPartOf":{"@id":"https:\/\/www.library.yorku.ca\/web\/#website"},"datePublished":"2015-08-05T15:47:46+00:00","dateModified":"2025-07-28T20:03:37+00:00","breadcrumb":{"@id":"https:\/\/www.library.yorku.ca\/web\/questions-et-services\/emprunter-renouveler-retourner\/privileges-demprunt\/?lang=fr#breadcrumb"},"inLanguage":"en-US","potentialAction":[{"@type":"ReadAction","target":["https:\/\/www.library.yorku.ca\/web\/questions-et-services\/emprunter-renouveler-retourner\/privileges-demprunt\/?lang=fr"]}]},{"@type":"BreadcrumbList","@id":"https:\/\/www.library.yorku.ca\/web\/questions-et-services\/emprunter-renouveler-retourner\/privileges-demprunt\/?lang=fr#breadcrumb","itemListElement":[{"@type":"ListItem","position":1,"name":"Home","item":"https:\/\/www.library.yorku.ca\/web\/"},{"@type":"ListItem","position":2,"name":"Questions et services","item":"https:\/\/www.library.yorku.ca\/web\/questions-et-services\/?lang=fr"},{"@type":"ListItem","position":3,"name":"Comptes, emprunts et demandes","item":"https:\/\/www.library.yorku.ca\/web\/questions-et-services\/emprunter-renouveler-retourner\/?lang=fr"},{"@type":"ListItem","position":4,"name":"Comptes de biblioth\u00e8ques et cartes YU"}]},{"@type":"WebSite","@id":"https:\/\/www.library.yorku.ca\/web\/#website","url":"https:\/\/www.library.yorku.ca\/web\/","name":"York University Libraries","description":"","publisher":{"@id":"https:\/\/www.library.yorku.ca\/web\/#organization"},"alternateName":"YUL Home","potentialAction":[{"@type":"SearchAction","target":{"@type":"EntryPoint","urlTemplate":"https:\/\/www.library.yorku.ca\/web\/?s={search_term_string}"},"query-input":{"@type":"PropertyValueSpecification","valueRequired":true,"valueName":"search_term_string"}}],"inLanguage":"en-US"},{"@type":"Organization","@id":"https:\/\/www.library.yorku.ca\/web\/#organization","name":"York University Libraries","alternateName":"York University","url":"https:\/\/www.library.yorku.ca\/web\/","logo":{"@type":"ImageObject","inLanguage":"en-US","@id":"https:\/\/www.library.yorku.ca\/web\/#\/schema\/logo\/image\/","url":"https:\/\/www.library.yorku.ca\/web\/wp-content\/uploads\/2023\/06\/Yorku-logo-696x696-1.jpg","contentUrl":"https:\/\/www.library.yorku.ca\/web\/wp-content\/uploads\/2023\/06\/Yorku-logo-696x696-1.jpg","width":696,"height":696,"caption":"York University Libraries"},"image":{"@id":"https:\/\/www.library.yorku.ca\/web\/#\/schema\/logo\/image\/"}}]}},"uagb_featured_image_src":{"full":false,"thumbnail":false,"medium":false,"medium_large":false,"large":false,"1536x1536":false,"2048x2048":false},"uagb_author_info":{"display_name":"admin","author_link":"https:\/\/www.library.yorku.ca\/web\/blog\/author\/admin\/"},"uagb_comment_info":0,"uagb_excerpt":"Votre carte YU, c'est votre carte de biblioth\u00e8que Veuillez noter : Si vous n'\u00eates pas membre du corps \u00e9tudiant, membre du personnel ou membre du corps enseignant, veuillez s'il-vous-pla\u00eet consulter notre page d'Emprunteurs externes [disponible en anglais]. Les \u00e9tudiants, les membres du corps enseignant et les membres du personnel ont besoin d'une carte YU valide&hellip;","_links":{"self":[{"href":"https:\/\/www.library.yorku.ca\/web\/wp-json\/wp\/v2\/pages\/5745","targetHints":{"allow":["GET"]}}],"collection":[{"href":"https:\/\/www.library.yorku.ca\/web\/wp-json\/wp\/v2\/pages"}],"about":[{"href":"https:\/\/www.library.yorku.ca\/web\/wp-json\/wp\/v2\/types\/page"}],"author":[{"embeddable":true,"href":"https:\/\/www.library.yorku.ca\/web\/wp-json\/wp\/v2\/users\/1"}],"replies":[{"embeddable":true,"href":"https:\/\/www.library.yorku.ca\/web\/wp-json\/wp\/v2\/comments?post=5745"}],"version-history":[{"count":14,"href":"https:\/\/www.library.yorku.ca\/web\/wp-json\/wp\/v2\/pages\/5745\/revisions"}],"predecessor-version":[{"id":32020,"href":"https:\/\/www.library.yorku.ca\/web\/wp-json\/wp\/v2\/pages\/5745\/revisions\/32020"}],"up":[{"embeddable":true,"href":"https:\/\/www.library.yorku.ca\/web\/wp-json\/wp\/v2\/pages\/5761"}],"wp:attachment":[{"href":"https:\/\/www.library.yorku.ca\/web\/wp-json\/wp\/v2\/media?parent=5745"}],"curies":[{"name":"wp","href":"https:\/\/api.w.org\/{rel}","templated":true}]}}